ommon factor of 43 and 559.
43
Calculate the greatest common divisor of 135 and 189.
27
What is the greatest common factor of 10 and 1334?
2
What is the highest common factor of 4757 and 71?
71
Calculate the highest common factor of 42 and 1902.
6
What is the greatest common factor of 2067 and 530?
53
What is the highest common factor of 224 and 32?
32
What is the greatest common factor of 26310 and 30?
30
What is the greatest common factor of 50 and 5350?
50
Calculate the highest common divisor of 4017 and 412.
103
What is the highest common factor of 3500 and 308?
28
Calculate the highest common factor of 3973 and 411.
137
What is the highest common factor of 98 and 8?
2
What is the highest common divisor of 459 and 81?
27
What is the highest common factor of 407 and 37?
37
What is the greatest common divisor of 156 and 208?
52
What is the greatest common factor of 38 and 266?
38
What is the greatest common divisor of 10510 and 10?
10
What is the greatest common divisor of 4 and 1?
1
Calculate the greatest common factor of 30 and 30.
30
Calculate the greatest common factor of 104 and 104.
104
What is the highest common divisor of 60 and 115?
5
What is the greatest common divisor of 22029 and 14?
7
Calculate the greatest common divisor of 91225 and 25.
25
Calculate the highest common divisor of 64 and 17984.
64
What is the highest common factor of 7412 and 34?
34
What is the greatest common factor of 496 and 124?
124
Calculate the highest common factor of 216 and 1224.
72
What is the highest common divisor of 154 and 203?
7
What is the highest common factor of 4158 and 126?
126
Calculate the highest common factor of 18 and 873.
9
Calculate the greatest common divisor of 29870 and 20.
10
Calculate the greatest common factor of 42 and 48.
6
Calculate the highest common divisor of 49 and 14.
7
What is the greatest common factor of 3130 and 10?
10
What is the highest common divisor of 350 and 105?
35
Calculate the highest common divisor of 34 and 153.
17
What is the greatest common factor of 25 and 4450?
25
Calculate the greatest common divisor of 3885 and 21.
21
Calculate the greatest common divisor of 108 and 12.
12
What is the highest common divisor of 1680 and 384?
48
Calculate the highest common divisor of 235 and 15.
5
Calculate the highest common divisor of 504 and 21.
21
What is the highest common factor of 4356 and 462?
66
Calculate the greatest common factor of 128 and 304.
16
What is the highest common factor of 12 and 102?
6
What is the highest common factor of 110 and 4037?
11
Calculate the highest common divisor of 357 and 153.
51
What is the greatest common divisor of 84 and 616?
28
Calculate the greatest common divisor of 21 and 1113.
21
Calculate the greatest common factor of 3384 and 216.
72
Calculate the highest common factor of 654 and 6.
6
What is the greatest common divisor of 90 and 4464?
18
What is the highest common factor of 215 and 2967?
43
What is the greatest common factor of 125 and 20?
5
Calculate the highest common factor of 242 and 44.
22
What is the highest common divisor of 4 and 6092?
4
What is the greatest common factor of 40834 and 34?
34
What is the highest common divisor of 14 and 217?
7
What is the greatest common factor of 932 and 20?
4
Calculate the greatest common factor of 2706 and 3321.
123
Calculate the greatest common factor of 5937 and 3.
3
Calculate the highest common factor of 240 and 5.
5
Calculate the greatest common factor of 406 and 42.
14
What is the highest common divisor of 235 and 5?
5
What is the greatest common factor of 6102 and 54?
54
Calculate the highest common factor of 78 and 624.
78
What is the highest common divisor of 140 and 15?
5
What is the greatest common divisor of 44 and 2?
2
Calculate the highest common factor of 115 and 322.
23
Calculate the highest common divisor of 8 and 328.
8
Calculate the greatest common divisor of 12 and 428.
4
What is the highest common factor of 261 and 65511?
261
Calculate the highest common factor of 583 and 424.
53
What is the highest common divisor of 3113 and 33?
11
Calculate the greatest common divisor of 73 and 12191.
73
Calculate the highest common factor of 2064 and 86.
86
What is the greatest common factor of 946 and 671?
11
Calculate the greatest common divisor of 18 and 2286.
18
Calculate the highest common factor of 44 and 2233.
11
What is the highest common factor of 5 and 35?
5
Calculate the greatest common divisor of 36 and 423.
9
What is the greatest common divisor of 483 and 147?
21
Calculate the greatest common factor of 1670 and 20.
10
Calculate the highest common divisor of 8695 and 517.
47
What is the greatest common factor of 77 and 1001?
77
Calculate the greatest common factor of 26 and 39.
13
Calculate the highest common divisor of 597 and 6.
3
What is the highest common factor of 5061 and 21?
21
Calculate the greatest common factor of 6 and 303.
3
What is the greatest common factor of 33957 and 154?
77
Calculate the highest common factor of 453 and 1963.
151
What is the highest common divisor of 14 and 16?
2
What is the highest common divisor of 38 and 38?
38
What is the greatest common divisor of 53 and 9699?
53
Calculate the highest common divisor of 8195 and 55.
55
What is the greatest common factor of 594 and 54?
54
What is the highest common factor of 1596 and 57?
57
What is the greatest common factor of 49 and 50176?
49
Calculate the highest common divisor of 30 and 408.
6
Calculate the greatest common divisor of 9 and 531.
9
What is the highest common factor of 265 and 159?
53
What is the highest common factor of 9 and 1152?
9
What is the greatest common factor of 1525 and 35?
5
What is the highest common factor of 1 and 410?
1
What is the highest common factor of 161 and 69?
23
Calculate the highest common factor of 351 and 39.
39
Calculate the highest common divisor of 5400 and 27.
27
What is the highest common factor of 224 and 1?
1
Calculate the greatest common factor of 150 and 270.
30
What is the greatest common factor of 740 and 6475?
185
Calculate the highest common divisor of 54 and 60.
6
What is the greatest common divisor of 7860 and 60?
60
Calculate the greatest common factor of 12 and 55968.
12
What is the greatest common factor of 168 and 680?
8
What is the highest common divisor of 54199 and 83?
83
Calculate the greatest common factor of 9 and 15.
3
Calculate the greatest common divisor of 29 and 1189.
29
Calculate the highest common factor of 158 and 711.
79
Calculate the highest common factor of 105 and 756.
21
Calculate the greatest common factor of 100 and 2400.
100
What is the highest common divisor of 80 and 1240?
40
What is the highest common factor of 1632 and 17?
17
What is the highest common factor of 154 and 176?
22
Calculate the greatest common divisor of 23 and 67.
1
Calculate the greatest common factor of 39211 and 113.
113
What is the highest common divisor of 60 and 12?
12
What is the highest common divisor of 7991 and 61?
61
Calculate the highest common factor of 176 and 693.
11
What is the highest common divisor of 3773 and 11?
11
Calculate the highest common factor of 6 and 96.
6
Calculate the highest common factor of 2 and 106.
2
What is the greatest common divisor of 26 and 1417?
13
Calculate the highest common factor of 72 and 1476.
36
Calculate the highest common factor of 259 and 2331.
259
Calculate the highest common divisor of 30 and 648.
6
What is the greatest common divisor of 1205 and 5?
5
What is the greatest common divisor of 6231 and 93?
93
What is the greatest common factor of 2173 and 2491?
53
What is the greatest common divisor of 132 and 108?
12
Calculate the greatest common divisor of 4181 and 1017.
113
Calculate the highest common factor of 11 and 33.
11
What is the highest common factor of 1870 and 102?
34
What is the greatest common factor of 29 and 1363?
29
Calculate the highest common divisor of 7483 and 14.
7
What is the greatest common divisor of 117 and 143?
13
Calculate the greatest common divisor of 5152 and 112.
112
What is the highest common divisor of 975 and 150?
75
Calculate the highest common divisor of 160 and 2120.
40
What is the greatest common divisor of 290 and 10?
10
Calculate the highest common factor of 52624 and 138.
46
What is the 